the units digit of p(k)?
3
Let w(k) = -5*k**3 - 3*k**2 - 4*k - 2. Let j be w(-2). Suppose 0 = 2*z + 3*v - 41, 0 = -4*z + v + j + 13. What is the units digit of z?
3
Let a be (-2)/4*-6 + -1. Let x = -1 + a. What is the units digit of x?
1
Let m(p) = p**3 - 5*p**2 + 4*p + 2. Let v be m(4). Suppose 72 = -v*z + 5*z. What is the tens digit of z?
2
Suppose 5 = -r + 11. Suppose -4*c = -6*n + n - 17, 3*n + r = c. What is the units digit of c?
3
Let l = 15 + -10. Suppose -205 = -l*r - 35. What is the units digit of r?
4
Let i(s) = 7*s + 3. What is the tens digit of i(7)?
5
Let a = -49 + 223. What is the tens digit of a?
7
Let m(a) = -a**3 + 7*a**2 + 8. Let w = 9 - 2. Let g be m(w). Suppose -n = 3*n - g. What is the units digit of n?
2
What is the units digit of 248/6 - 6/18?
1
Suppose -5*p = 10, -2*p = 5*q - 4 - 52. Suppose -2*u + q = -2*d, u - 2 + 0 = 3*d. What is the units digit of u?
8
Let h(j) = -j**3 + j**2 + 2*j + 39. Let k be h(0). Suppose -k = 3*p - 6*p. What is the tens digit of p?
1
Let c(n) = -n**3 - 3*n**2 - 3*n - 2. Let s be c(-2). Suppose m = -s + 2. Suppose 4*u + 3*w - 34 = 0, -m*w - 5 = -2*u + 19. What is the units digit of u?
0
Let i(f) = 5*f. Let h be i(1). What is the units digit of (7/(-4))/(h/(-20))?
7
Suppose 5*o = 5, -4*o + 1732 = -5*y + 9*y. What is the hundreds digit of y?
4
Let w be ((-4)/12)/(2/18). Let d be w*(3 - 201/9). Suppose 3*k + 13 - d = 0. What is the tens digit of k?
1
Suppose 2 = -5*r - 3. What is the units digit of 4*r/(-2) - 1?
1
Suppose -4*b - 21 = -j, 4*b - 13 = -4*j + 3*j. What is the units digit of j?
7
What is the tens digit of (-7)/35 - (-1938)/15?
2
Let a be 5/(-10) - (-25)/2. Suppose 0 = -3*i + 4*i - a. What is the tens digit of i?
1
Suppose -15*v - 1416 = -23*v. What is the hundreds digit of v?
1
Suppose -2*v + 105 + 173 = 0. What is the units digit of v?
9
Let z = 2 + 1. Let k = 1 + z. What is the units digit of k?
4
Suppose -2*j + 466 = 3*j + 2*p, -j + 2*p + 86 = 0. What is the units digit of j?
2
Suppose 0 = 4*v - v + 2*n, -2*n = v - 4. Let l = 8 + v. What is the units digit of l?
6
Suppose 0 = 6*i - 16*i + 400. What is the units digit of i?
0
Let n(f) = -f + 1. Let d be n(-1). Suppose 5*p - 3*r + 4 = 0, 2*p - 10 = -d*r - 2. What is the units digit of 8*1 + (2 - p)?
9
Let n(o) = -1 - 1 - 5*o - 3. Let a be n(-4). Let h = a - 10. What is the units digit of h?
5
Let p(j) = -j**2 - 3*j - 1. Let k be p(-2). Let w(t) = k - 4*t + 3 - t**3 - 5*t**2 - 1. What is the units digit of w(-4)?
3
Let d be 1 + (-4)/2 + 3. Suppose -d*f - 1 = -3*f. What is the units digit of f?
1
Suppose 109 - 19 = 5*j. What is the tens digit of j?
1
What is the units digit of ((-138)/15)/(2/(-10))?
6
Let q be ((-1)/1)/((-1)/(-5)). Let d = q - -5. Suppose d + 7 = l. What is the units digit of l?
7
Suppose 2*r - 68 = 2. What is the tens digit of r?
3
What is the tens digit of -2 - (153/(-3))/1?
4
Let k(q) = 3*q + 31. What is the units digit of k(5)?
6
Let q(g) = -g - 5. Let b be q(-4). What is the units digit of 20 - (3/(-1))/b?
7
Let o(u) = -u**3 + 2*u**2 - 1. Let x be o(-1). Suppose -2*g = x*g - 224. Suppose 7*y = 3*y + g. What is the tens digit of y?
1
Suppose 5*j + d - 727 = -261, -8 = 2*d. What is the units digit of j?
4
Let p = -1 - -5. Let j = -1 + p. What is the units digit of j?
3
Suppose 0*n - f = -n + 21, -5*n - 5*f = -115. What is the tens digit of n?
2
Let w(q) = 12*q. Let s be w(5). What is the units digit of 8/s - 133/(-15)?
9
Let u = -3 + 2. Let p = 6 + u. Suppose -p*x = 33 - 108. What is the units digit of x?
5
Let x be -1 - (1 - 2)*-22. Let w = x - -11. What is the units digit of (20/w)/(2/(-6))?
5
Let q be 6*(4 + 44/(-12)). Suppose 4*s + 22 = 5*j, s + 0*s = 2*j - 7. Suppose 0*c + q*c - 5*r + 11 = 0, 0 = -j*c + 4*r - 6. What is the units digit of c?
7
Let f(z) = z**3 - 8*z**2 - 9*z + 5. Let r be f(9). Suppose j = -r*g - 10, j - 5*g + 0*g - 30 = 0. What is the units digit of j?
0
Suppose 13 = 2*g + 1. Suppose g*j - j = 30. What is the units digit of j?
6
Let v(s) = 16 + 25 - 1 + 2 + s. What is the units digit of v(0)?
2
Let k(q) = q**2 + 6*q + 1. What is the units digit of k(-6)?
1
Suppose 2*d - 6 = 12. Let u(t) = t**2 + 10*t + 26. Let f be u(-7). Suppose 2*g + d = h, -h - h = f*g - 54. What is the tens digit of h?
1
What is the units digit of 48 - (-4 + 1 - -5)?
6
Let n = -62 - -94. What is the units digit of n?
2
Let a = -1 - -5. Suppose l - 80 = -4*m, a*m + 0*l - 2*l = 92. What is the tens digit of (12/7)/(3/m)?
1
Let w be 7/(3/(2 + -5)). Let c(r) be the second derivative of r**5/20 + 2*r**4/3 + 5*r**3/6 + r**2 + 2*r. What is the units digit of c(w)?
6
Let y(o) = 12*o + 10. What is the tens digit of y(6)?
8
Let l = 97 + 41. What is the tens digit of l?
3
What is the tens digit of (22/66)/(2/72)?
1
Suppose 0 = -2*p + 6*p - 20. Suppose -f = -2*q + 22, -f + 16 = 2*q - p*f. What is the tens digit of q?
1
Suppose 0*y + 5*x - 228 = -3*y, -4*y + 304 = -3*x. Suppose -y = -v - 3*v. What is the units digit of v?
9
Let j be (5*-1 - 0) + -2. Let l = -10 - j. What is the units digit of 54/l*(-2)/4?
9
Let s(i) = -4*i - 4. Suppose -3 = 2*a + 3. What is the units digit of s(a)?
8
Let m(x) = x - 3. Let c be m(7). Suppose -c*a + 129 = -3*j, -2*j + 4 = 2. What is the tens digit of a?
3
Let x be 14/35 + (-46)/(-10). Suppose 3*z = -5*y + 78, -4*z + 0*y + 69 = -x*y. What is the tens digit of z?
2
Let n = 25 + -5. What is the tens digit of n?
2
Let n(a) = -3*a - 1. Let i(x) = -6*x - 3. Let o(g) = 3*i(g) - 5*n(g). What is the tens digit of o(-5)?
1
Suppose -n = -6*n + r + 45, -n - r = -3. Let z = n + -5. Suppose z*w + 40 = 3*c - w, -24 = -c + 4*w. What is the units digit of c?
8
Let z(t) = t - 1. Let k be z(2). Let n(a) = -a - k + 1 + 2. What is the units digit of n(-3)?
5
Let r be 2 - (1 + -1 - -2). Suppose -5*c - 4*p - 1 = r, 5*p + 14 = -2*c - 0*p. Suppose y - 4 - c = 0. What is the units digit of y?
7
Suppose 7*b - 174 = 4*b. What is the tens digit of b?
5
Suppose 0 = 2*u + 3*u. Suppose -5*a = 4*z - 25, -2*z + 4*a = -21 - 11. Suppose -v + 1 = u, 2*v = -4*f - 0*v + z. What is the units digit of f?
2
Suppose -s - 12 = 8. What is the units digit of s/(-8) - (-3)/(-2)?
1
Suppose -2*f + o = -3*f + 1, -10 = -2*f + 2*o. Suppose 0 = 3*n - q + f*q - 92, -156 = -4*n + 4*q. What is the tens digit of n?
3
Suppose -5*v - 30 = -4*x, -18 = -0*v + 3*v - x. Let u(z) = -z**3 - 6*z**2 - 2*z + 1. What is the units digit of u(v)?
3
Let d = 0 + 2. What is the units digit of d?
2
Suppose h + 2*h = 447. What is the tens digit of h?
4
Suppose 0 = -3*i - i + 24. Suppose -50 = -i*b + b. What is the tens digit of b?
1
What is the tens digit of (-147)/(-6) - 3/6?
2
Let p(j) = -7*j**2 - 4*j + 9. Let a(u) = -3*u**2 + 1 + 6*u**2 - 4*u**2. Let t(v) = 6*a(v) - p(v). What is the units digit of t(-6)?
9
Suppose -4*p = -9*p - 15, 0 = -2*k + 3*p - 17. What is the units digit of (k/1)/(12/(-24))?
6
Let u(d) = -3*d - 6. Suppose -9*l + 11*l = -20. What is the units digit of u(l)?
4
Suppose 2*u + 5 = 3*u. Suppose -3*p - u*l + 3 = 0, -5 = -5*p - 2*l + 5*l. What is the units digit of p?
1
What is the tens digit of (-226)/(-3) + 1/(-6)*-4?
7
Let d(r) = -r**3 + 3*r**2 + 3. Let q be d(3). Suppose 3*c = q*a - a - 89, 3*a = c + 123. What is the units digit of a?
0
Let f be (-13 + 6)/((-2)/4). What is the tens digit of 480/f + (-2)/7?
3
Let y = 45 - 74. Suppose 4*k + 0*k = -84. Let r = k - y. What is the units digit of r?
8
Let c = 4 + -2. Suppose c*y - 1 = 1. What is the units digit of y?
1
Let u(j) = j**2 + 9*j + 2. What is the units digit of u(0)?
2
Let h(w) = -w - 1. Let b(q) = q**2 - 7*q - 6. Let j(z) = b(z) - 4*h(z). Let y be j(3). What is the units digit of 10/y*(-12)/15?
4
Suppose 49 = 6*u - 41. What is the tens digit of u?
1
Let z(n) = -n**2 - 15*n - 9. What is the tens digit of z(-6)?
4
Let w = -5 + 5. Suppose w = -v + 3*v - 4. What is the units digit of v?
2
Let t(j) = 67*j**2 + 2*j - 8. What is the hundreds digit of t(2)?
2
Let o = 2 + -3. Let w(r) be the second derivative of -r**3/6 - 3*r. What is the units digit of w(o)?
1
Suppose 4*p - 5*b = 8 + 25, 5*b = -25. What is the units digit of p?
2
Suppose -5*m = 2*t - 154, 0 = -2*m - 0*m + 2*t + 70. What is the tens digit of m?
3
Let d(h) = 6*h**2 - 3*h + h**3 + h**2 + 7*h - h**2. What is the units digit of d(-5)?
5
Suppose